{"id":845,"date":"2021-04-03T10:29:25","date_gmt":"2021-04-03T08:29:25","guid":{"rendered":"https:\/\/wpphysique.ijclab.in2p3.fr\/site-ocean-wp-poles\/?page_id=845"},"modified":"2021-04-03T11:35:46","modified_gmt":"2021-04-03T09:35:46","slug":"hal","status":"publish","type":"page","link":"https:\/\/wpphysique.ijclab.in2p3.fr\/site-ocean-wp-poles\/hal\/","title":{"rendered":"HAL"},"content":{"rendered":"\n<div class=\"su-spoiler su-spoiler-style-default su-spoiler-icon-plus su-spoiler-closed\" data-scroll-offset=\"0\" data-anchor-in-url=\"no\"><div class=\"su-spoiler-title\" tabindex=\"0\" role=\"button\"><span class=\"su-spoiler-icon\"><\/span>Informations extension Hal<\/div><div class=\"su-spoiler-content su-u-clearfix su-u-trim\">\n<p>Ci-dessous les publications d&rsquo;IJCLab apparaissent gr\u00e2ce \u00e0 l&rsquo;extension HAL du CCSD<br \/>\u00a0<em>(param\u00e9trage dans l&rsquo;extension en colonne de gauche)<\/em><\/p>\n<p>L&rsquo;affichage ce fait en copiant le code court suivant :<\/p>\n<p>(cv-hal type=authStructId_i) \u00e0 mettre entre crochets<\/p>\n<p><em>Se r\u00e9f\u00e9rer \u00e0 la notice de <a href=\"https:\/\/doc.archives-ouvertes.fr\/afficher-une-liste-de-publications-dans-wordpress\/\" target=\"_blank\" rel=\"noopener noreferrer\">Hall<\/a> pour peaufiner selon vos besoin<\/em><\/p>\n<p>Sur la partie droite il s&rsquo;agit d&rsquo;un widget param\u00e9trable dans Apparence &gt; widget et \u00e0 ins\u00e9rer ensuite dans les zones de Widgets du mod\u00e8le de site<\/p>\n<p>Dans ce cas il est positionner pour l&rsquo;affichage des 10 derni\u00e8re publication d&rsquo;un auteur.<\/p>\n<\/div><\/div>\n<hr \/>\nPlugin is not configured correctly or shortcode parameters are not valid, please check the <a href=\"https:\/\/doc.hal.science\/afficher-une-liste-de-publications-dans-wordpress\/\" target=\"_blank\" id=\"wrong_params\">documentation<\/a><div class=\"wphal-footer\"><p style=\"color:#B3B2B0\">Documents r\u00e9cup\u00e9r\u00e9s de l'archive ouverte HAL&nbsp;<a href=\"https:\/\/hal.science\/\" target=\"_blank\"><img decoding=\"async\" alt=\"logo\" src=\"https:\/\/wpphysique.ijclab.in2p3.fr\/site-ocean-wp-poles\/wp-content\/plugins\/hal\/img\/logo-hal.png\" style=\"width:90px\"><\/a><\/p><\/div>\n\n\n","protected":false},"excerpt":{"rendered":"","protected":false},"author":30,"featured_media":0,"parent":0,"menu_order":0,"comment_status":"closed","ping_status":"closed","template":"","meta":{"ocean_post_layout":"","ocean_both_sidebars_style":"","ocean_both_sidebars_content_width":0,"ocean_both_sidebars_sidebars_width":0,"ocean_sidebar":"0","ocean_second_sidebar":"0","ocean_disable_margins":"enable","ocean_add_body_class":"","ocean_shortcode_before_top_bar":"","ocean_shortcode_after_top_bar":"","ocean_shortcode_before_header":"","ocean_shortcode_after_header":"","ocean_has_shortcode":"","ocean_shortcode_after_title":"","ocean_shortcode_before_footer_widgets":"","ocean_shortcode_after_footer_widgets":"","ocean_shortcode_before_footer_bottom":"","ocean_shortcode_after_footer_bottom":"","ocean_display_top_bar":"default","ocean_display_header":"default","ocean_header_style":"","ocean_center_header_left_menu":"0","ocean_custom_header_template":"0","ocean_custom_logo":0,"ocean_custom_retina_logo":0,"ocean_custom_logo_max_width":0,"ocean_custom_logo_tablet_max_width":0,"ocean_custom_logo_mobile_max_width":0,"ocean_custom_logo_max_height":0,"ocean_custom_logo_tablet_max_height":0,"ocean_custom_logo_mobile_max_height":0,"ocean_header_custom_menu":"0","ocean_menu_typo_font_family":"0","ocean_menu_typo_font_subset":"","ocean_menu_typo_font_size":0,"ocean_menu_typo_font_size_tablet":0,"ocean_menu_typo_font_size_mobile":0,"ocean_menu_typo_font_size_unit":"px","ocean_menu_typo_font_weight":"","ocean_menu_typo_font_weight_tablet":"","ocean_menu_typo_font_weight_mobile":"","ocean_menu_typo_transform":"","ocean_menu_typo_transform_tablet":"","ocean_menu_typo_transform_mobile":"","ocean_menu_typo_line_height":0,"ocean_menu_typo_line_height_tablet":0,"ocean_menu_typo_line_height_mobile":0,"ocean_menu_typo_line_height_unit":"","ocean_menu_typo_spacing":0,"ocean_menu_typo_spacing_tablet":0,"ocean_menu_typo_spacing_mobile":0,"ocean_menu_typo_spacing_unit":"","ocean_menu_link_color":"","ocean_menu_link_color_hover":"","ocean_menu_link_color_active":"","ocean_menu_link_background":"","ocean_menu_link_hover_background":"","ocean_menu_link_active_background":"","ocean_menu_social_links_bg":"","ocean_menu_social_hover_links_bg":"","ocean_menu_social_links_color":"","ocean_menu_social_hover_links_color":"","ocean_disable_title":"default","ocean_disable_heading":"default","ocean_post_title":"","ocean_post_subheading":"","ocean_post_title_style":"","ocean_post_title_background_color":"","ocean_post_title_background":0,"ocean_post_title_bg_image_position":"","ocean_post_title_bg_image_attachment":"","ocean_post_title_bg_image_repeat":"","ocean_post_title_bg_image_size":"","ocean_post_title_height":0,"ocean_post_title_bg_overlay":0.5,"ocean_post_title_bg_overlay_color":"","ocean_disable_breadcrumbs":"default","ocean_breadcrumbs_color":"","ocean_breadcrumbs_separator_color":"","ocean_breadcrumbs_links_color":"","ocean_breadcrumbs_links_hover_color":"","ocean_display_footer_widgets":"default","ocean_display_footer_bottom":"default","ocean_custom_footer_template":"0","omw_enable_modal_window":"enable","footnotes":""},"class_list":["post-845","page","type-page","status-publish","hentry","entry"],"_links":{"self":[{"href":"https:\/\/wpphysique.ijclab.in2p3.fr\/site-ocean-wp-poles\/wp-json\/wp\/v2\/pages\/845","targetHints":{"allow":["GET"]}}],"collection":[{"href":"https:\/\/wpphysique.ijclab.in2p3.fr\/site-ocean-wp-poles\/wp-json\/wp\/v2\/pages"}],"about":[{"href":"https:\/\/wpphysique.ijclab.in2p3.fr\/site-ocean-wp-poles\/wp-json\/wp\/v2\/types\/page"}],"author":[{"embeddable":true,"href":"https:\/\/wpphysique.ijclab.in2p3.fr\/site-ocean-wp-poles\/wp-json\/wp\/v2\/users\/30"}],"replies":[{"embeddable":true,"href":"https:\/\/wpphysique.ijclab.in2p3.fr\/site-ocean-wp-poles\/wp-json\/wp\/v2\/comments?post=845"}],"version-history":[{"count":15,"href":"https:\/\/wpphysique.ijclab.in2p3.fr\/site-ocean-wp-poles\/wp-json\/wp\/v2\/pages\/845\/revisions"}],"predecessor-version":[{"id":865,"href":"https:\/\/wpphysique.ijclab.in2p3.fr\/site-ocean-wp-poles\/wp-json\/wp\/v2\/pages\/845\/revisions\/865"}],"wp:attachment":[{"href":"https:\/\/wpphysique.ijclab.in2p3.fr\/site-ocean-wp-poles\/wp-json\/wp\/v2\/media?parent=845"}],"curies":[{"name":"wp","href":"https:\/\/api.w.org\/{rel}","templated":true}]}}