{"id":41,"date":"2021-01-13T11:43:52","date_gmt":"2021-01-13T10:43:52","guid":{"rendered":"http:\/\/wpphysique.ijclab.in2p3.fr\/site-ocean-wp-poles\/?page_id=41"},"modified":"2021-03-23T11:08:17","modified_gmt":"2021-03-23T10:08:17","slug":"membres","status":"publish","type":"page","link":"https:\/\/wpphysique.ijclab.in2p3.fr\/site-ocean-wp-poles\/membres\/","title":{"rendered":"Membres"},"content":{"rendered":"\n<h2>Cosmologie (A2C) (lien annuaire in2p3)<\/h2>\n<p><em>Cette page est un exemple<\/em><\/p>\n<h3>Astuce : Recherche dans l&rsquo;annuaire du CC par \u00ab\u00a0tags\u00a0\u00bb<\/h3>\n<p>Vous pouvez faire un lien dans cette page vers l&rsquo;annuaire du CC. <\/p>\n<p>Il vous suffit pour cela :<\/p>\n<ol>\n<li>d&rsquo;identifier un nom et les \u00ab\u00a0tags\u00a0\u00bb associ\u00e9s \u00e0 cette personne <br \/>Ex : Henrot<br \/>R\u00e9sultat des tags : \u00ab\u00a0A2C\u00a0\u00bb et \u00ab\u00a0CMB\u00a0\u00bb<\/li>\n<li>Faire une recherche fine :<br \/>Ex : ijclab + A2C + CMB ou ijclab + A2C<br \/><span style=\"color: #ff0000;\"><em>la recherche n&rsquo;est pas sensible \u00e0 la casse<\/em><\/span><\/li>\n<\/ol>\n<p><a href=\"https:\/\/annuaire.ijclab.in2p3.fr\/search\/ijclab+a2C\" target=\"_blank\" rel=\"noopener noreferrer\">https:\/\/annuaire.ijclab.in2p3.fr\/search\/ijclab+a2C<\/a><\/p>\n<p><span style=\"color: #ff0000;\">Attention l&rsquo;annuaire du CC est en cours d&rsquo;\u00e9volution, certaines fonctionnalit\u00e9s vont \u00e9volu\u00e9es. Par exemple l&rsquo;affichage des listes est limit\u00e9e \u00e0 30 personnes! Profitez en pour v\u00e9rifier les informations relative \u00e0 l&rsquo;annuaire et remonter les erreurs via Helpdesk.<\/span><\/p>\n<h3>Direction du p\u00f4le<\/h3>\n<p>Sophie Henrot Versille<\/p>\n<h3>Equipes<\/h3>\n<ul>\n<li><a href=\"https:\/\/annuaire.in2p3.fr\/search\/ijclab+A2C+-+Astrophysique+et+Cosmochimie\" target=\"_blank\" rel=\"noopener noreferrer\">Astrophysique et Cosmochimie<\/a><\/li>\n<li><a href=\"https:\/\/annuaire.in2p3.fr\/search\/ijclab+A2C+APHE\" target=\"_blank\" rel=\"noopener noreferrer\">Astro-particules de haute \u00e9nergie<\/a><\/li>\n<li><a href=\"https:\/\/annuaire.in2p3.fr\/search\/ijclab+A2C+ASSD\" target=\"_blank\" rel=\"noopener noreferrer\">Astroparticules,d\u00e9tecteurs d\u2019\u00e9tats solides<\/a><\/li>\n<li><a href=\"https:\/\/annuaire.in2p3.fr\/search\/ijclab+cmb\" target=\"_blank\" rel=\"noopener noreferrer\">CMB<\/a><\/li>\n<li><a href=\"https:\/\/annuaire.in2p3.fr\/search\/ijclab+green\" target=\"_blank\" rel=\"noopener noreferrer\">GREEN<\/a><\/li>\n<li><a href=\"https:\/\/annuaire.in2p3.fr\/3687-7514\/erwann-masson\" target=\"_blank\" rel=\"noopener noreferrer\">Mati\u00e8re noire<\/a><\/li>\n<li><a href=\"https:\/\/annuaire.in2p3.fr\/search\/ijclab+a2C+OG\" target=\"_blank\" rel=\"noopener noreferrer\">Ondes gravitationnelles<\/a><\/li>\n<\/ul>\n<h3>Plateformes<\/h3>\n<ul>\n<li>CALVA\/Exsqueez<\/li>\n<li>MYRTHO<\/li>\n<\/ul>\n<p>\u00a0<\/p>\n<p>\u00a0<\/p>\n<p>\u00a0<\/p>\n","protected":false},"excerpt":{"rendered":"<p>Cosmologie (A2C) (lien annuaire in2p3) Cette page est un exemple Astuce : Recherche dans l&rsquo;annuaire du CC par \u00ab\u00a0tags\u00a0\u00bb Vous pouvez faire un lien dans cette page vers l&rsquo;annuaire du CC. Il vous suffit pour cela : d&rsquo;identifier un nom et les \u00ab\u00a0tags\u00a0\u00bb associ\u00e9s \u00e0 cette personne Ex : HenrotR\u00e9sultat des tags : \u00ab\u00a0A2C\u00a0\u00bb et [&hellip;]<\/p>\n","protected":false},"author":30,"featured_media":0,"parent":0,"menu_order":0,"comment_status":"closed","ping_status":"closed","template":"","meta":{"ocean_post_layout":"","ocean_both_sidebars_style":"","ocean_both_sidebars_content_width":0,"ocean_both_sidebars_sidebars_width":0,"ocean_sidebar":"0","ocean_second_sidebar":"0","ocean_disable_margins":"enable","ocean_add_body_class":"","ocean_shortcode_before_top_bar":"","ocean_shortcode_after_top_bar":"","ocean_shortcode_before_header":"","ocean_shortcode_after_header":"","ocean_has_shortcode":"","ocean_shortcode_after_title":"","ocean_shortcode_before_footer_widgets":"","ocean_shortcode_after_footer_widgets":"","ocean_shortcode_before_footer_bottom":"","ocean_shortcode_after_footer_bottom":"","ocean_display_top_bar":"default","ocean_display_header":"default","ocean_header_style":"","ocean_center_header_left_menu":"0","ocean_custom_header_template":"0","ocean_custom_logo":0,"ocean_custom_retina_logo":0,"ocean_custom_logo_max_width":0,"ocean_custom_logo_tablet_max_width":0,"ocean_custom_logo_mobile_max_width":0,"ocean_custom_logo_max_height":0,"ocean_custom_logo_tablet_max_height":0,"ocean_custom_logo_mobile_max_height":0,"ocean_header_custom_menu":"0","ocean_menu_typo_font_family":"0","ocean_menu_typo_font_subset":"","ocean_menu_typo_font_size":0,"ocean_menu_typo_font_size_tablet":0,"ocean_menu_typo_font_size_mobile":0,"ocean_menu_typo_font_size_unit":"px","ocean_menu_typo_font_weight":"","ocean_menu_typo_font_weight_tablet":"","ocean_menu_typo_font_weight_mobile":"","ocean_menu_typo_transform":"","ocean_menu_typo_transform_tablet":"","ocean_menu_typo_transform_mobile":"","ocean_menu_typo_line_height":0,"ocean_menu_typo_line_height_tablet":0,"ocean_menu_typo_line_height_mobile":0,"ocean_menu_typo_line_height_unit":"","ocean_menu_typo_spacing":0,"ocean_menu_typo_spacing_tablet":0,"ocean_menu_typo_spacing_mobile":0,"ocean_menu_typo_spacing_unit":"","ocean_menu_link_color":"","ocean_menu_link_color_hover":"","ocean_menu_link_color_active":"","ocean_menu_link_background":"","ocean_menu_link_hover_background":"","ocean_menu_link_active_background":"","ocean_menu_social_links_bg":"","ocean_menu_social_hover_links_bg":"","ocean_menu_social_links_color":"","ocean_menu_social_hover_links_color":"","ocean_disable_title":"default","ocean_disable_heading":"default","ocean_post_title":"","ocean_post_subheading":"","ocean_post_title_style":"","ocean_post_title_background_color":"","ocean_post_title_background":0,"ocean_post_title_bg_image_position":"","ocean_post_title_bg_image_attachment":"","ocean_post_title_bg_image_repeat":"","ocean_post_title_bg_image_size":"","ocean_post_title_height":0,"ocean_post_title_bg_overlay":0.5,"ocean_post_title_bg_overlay_color":"","ocean_disable_breadcrumbs":"default","ocean_breadcrumbs_color":"","ocean_breadcrumbs_separator_color":"","ocean_breadcrumbs_links_color":"","ocean_breadcrumbs_links_hover_color":"","ocean_display_footer_widgets":"default","ocean_display_footer_bottom":"default","ocean_custom_footer_template":"0","omw_enable_modal_window":"enable","footnotes":""},"class_list":["post-41","page","type-page","status-publish","hentry","entry"],"_links":{"self":[{"href":"https:\/\/wpphysique.ijclab.in2p3.fr\/site-ocean-wp-poles\/wp-json\/wp\/v2\/pages\/41","targetHints":{"allow":["GET"]}}],"collection":[{"href":"https:\/\/wpphysique.ijclab.in2p3.fr\/site-ocean-wp-poles\/wp-json\/wp\/v2\/pages"}],"about":[{"href":"https:\/\/wpphysique.ijclab.in2p3.fr\/site-ocean-wp-poles\/wp-json\/wp\/v2\/types\/page"}],"author":[{"embeddable":true,"href":"https:\/\/wpphysique.ijclab.in2p3.fr\/site-ocean-wp-poles\/wp-json\/wp\/v2\/users\/30"}],"replies":[{"embeddable":true,"href":"https:\/\/wpphysique.ijclab.in2p3.fr\/site-ocean-wp-poles\/wp-json\/wp\/v2\/comments?post=41"}],"version-history":[{"count":2,"href":"https:\/\/wpphysique.ijclab.in2p3.fr\/site-ocean-wp-poles\/wp-json\/wp\/v2\/pages\/41\/revisions"}],"predecessor-version":[{"id":841,"href":"https:\/\/wpphysique.ijclab.in2p3.fr\/site-ocean-wp-poles\/wp-json\/wp\/v2\/pages\/41\/revisions\/841"}],"wp:attachment":[{"href":"https:\/\/wpphysique.ijclab.in2p3.fr\/site-ocean-wp-poles\/wp-json\/wp\/v2\/media?parent=41"}],"curies":[{"name":"wp","href":"https:\/\/api.w.org\/{rel}","templated":true}]}}